6?
False
Is 1628 a multiple of 74?
True
Is 383 a multiple of 10?
False
Is 1035 a multiple of 23?
True
Does 4 divide 264?
True
Does 11 divide 7941?
False
Does 4 divide 23124?
True
Is 44989 a multiple of 12?
False
Is 63 a factor of 9702?
True
Does 32 divide 1205?
False
Is 40815 a multiple of 41?
False
Does 6 divide 114?
True
Is 14 a factor of 4395?
False
Is 193 a multiple of 5?
False
Is 13244 a multiple of 11?
True
Does 41 divide 38518?
False
Does 135 divide 2970?
True
Is 5659 a multiple of 22?
False
Does 11 divide 19513?
False
Does 19 divide 63801?
False
Is 15 a factor of 494?
False
Does 176 divide 33300?
False
Is 124 a multiple of 4?
True
Is 863 a multiple of 37?
False
Is 61741 a multiple of 281?
False
Is 32 a factor of 17927?
False
Does 409 divide 34501?
False
Is 59 a factor of 478?
False
Is 30 a factor of 360?
True
Is 94 a factor of 470?
True
Is 29 a factor of 42639?
False
Is 23 a factor of 22264?
True
Does 32 divide 864?
True
Is 38 a factor of 874?
True
Does 133 divide 6916?
True
Is 4000 a multiple of 21?
False
Is 4320 a multiple of 27?
True
Is 192 a multiple of 16?
True
Does 19 divide 4570?
False
Is 589 a multiple of 31?
True
Is 298 a factor of 55130?
True
Is 9 a factor of 2353?
False
Is 264 a multiple of 12?
True
Is 28 a factor of 725?
False
Is 807 a multiple of 12?
False
Does 6 divide 8268?
True
Does 27 divide 3078?
True
Does 16 divide 59785?
False
Is 35 a factor of 514?
False
Does 30 divide 2787?
False
Is 9 a factor of 2182?
False
Does 9 divide 1034?
False
Does 19 divide 932?
False
Is 16 a factor of 9917?
False
Is 31 a factor of 13764?
True
Does 43 divide 29670?
True
Is 142 a factor of 19303?
False
Does 23 divide 1028?
False
Does 11 divide 3344?
True
Is 745 even?
False
Is 784 a multiple of 16?
True
Is 2354 a multiple of 11?
True
Does 8 divide 2498?
False
Is 21092 a multiple of 29?
False
Is 2471 a multiple of 24?
False
Is 35 a factor of 2882?
False
Does 42 divide 34650?
True
Is 8 a factor of 735?
False
Is 11 a multiple of 4?
False
Is 10 a factor of 14920?
True
Is 92622 a multiple of 28?
False
Is 64 a multiple of 9?
False
Does 37 divide 2405?
True
Is 23 a factor of 184?
True
Is 29150 a multiple of 116?
False
Does 24 divide 25510?
False
Does 84 divide 1176?
True
Is 31 a factor of 32395?
True
Is 48389 a multiple of 218?
False
Does 103 divide 3193?
True
Is 26 a factor of 11145?
False
Is 22 a factor of 1339?
False
Is 95 a factor of 1615?
True
Does 13 divide 2639?
True
Does 5 divide 2982?
False
Is 1777 a multiple of 83?
False
Does 50 divide 13900?
True
Does 3 divide 74?
False
Is 13 a factor of 81?
False
Is 4795 a multiple of 35?
True
Does 8 divide 364?
False
Is 42 a multiple of 6?
True
Does 8 divide 10654?
False
Does 6 divide 705?
False
Is 187 a multiple of 11?
True
Does 12 divide 97904?
False
Is 66 a factor of 792?
True
Does 152 divide 1976?
True
Is 396 a factor of 70884?
True
Is 12782 a multiple of 14?
True
Is 84350 a multiple of 241?
True
Is 462 a multiple of 16?
False
Does 58 divide 3084?
False
Is 20 a factor of 15663?
False
Is 7 a factor of 54298?
False
Does 63 divide 1827?
True
Is 17 a factor of 1739?
False
Does 77 divide 2968?
False
Is 55 a factor of 2329?
False
Does 77 divide 4158?
True
Is 2332 a multiple of 11?
True
Does 10 divide 170?
True
Is 1056 a multiple of 24?
True
Does 17 divide 170?
True
Is 633 a multiple of 9?
False
Is 5729 a multiple of 12?
False
Is 18 a factor of 1458?
True
Is 2546 a multiple of 134?
True
Is 17 a factor of 1462?
True
Is 29637 a multiple of 22?
False
Is 34 a factor of 2584?
True
Is 7 a factor of 25060?
True
Is 9 a factor of 288?
True
Is 6 even?
True
Does 30 divide 558?
False
Does 12 divide 128?
False
Is 6060 a multiple of 40?
False
Is 3 a factor of 13008?
True
Is 1405 a multiple of 11?
False
Does 52 divide 7644?
True
Does 57 divide 397?
False
Does 21 divide 2700?
False
Does 7 divide 952?
True
Is 28 a factor of 229?
False
Is 1216 a multiple of 11?
False
Does 7 divide 232?
False
Is 23851 a multiple of 61?
True
Is 960 a multiple of 8?
True
Does 5 divide 483?
False
Does 95 divide 3470?
False
Does 108 divide 7560?
True
Is 6 a factor of 618?
True
Is 25 a factor of 6368?
False
Is 25380 a multiple of 94?
True
Is 19 a factor of 16227?
False
Is 14 a factor of 29457?
False
Is 36 a factor of 191?
False
Does 29 divide 792?
False
Is 2142 a multiple of 15?
False
Is 51518 a multiple of 21?
False
Is 28 a factor of 28429?
False
Is 3280 a multiple of 27?
False
Is 285 a multiple of 5?
True
Is 121 a factor of 4888?
False
Is 280 a multiple of 20?
True
Does 32 divide 116?
False
Does 2 divide 202?
True
Does 3 divide 1593?
True
Is 777 a multiple of 6?
False
Is 11 a factor of 4280?
False
Does 10 divide 3351?
False
Does 6 divide 3804?
True
Does 38 divide 1672?
True
Is 7 a factor of 28884?
False
Is 2875 a multiple of 8?
False
Does 7 divide 5089?
True
Is 6430 a multiple of 5?
True
Is 5 a factor of 1854?
False
Is 223 a multiple of 45?
False
Does 12 divide 3205?
False
Does 6 divide 308?
False
Is 6 a factor of 1596?
True
Is 1624 a multiple of 58?
True
Is 9088 a multiple of 36?
False
Is 1638 a multiple of 63?
True
Does 3 divide 10366?
False
Is 543 a multiple of 64?
False
Does 41 divide 1025?
True
Does 28 divide 15624?
True
Is 499 a multiple of 17?
False
Does 59 divide 1180?
True
Does 73 divide 8176?
True
Is 171 a multiple of 19?
True
Is 5065 a multiple of 145?
False
Is 24 a factor of 2959?
False
Is 47 a factor of 4277?
True
Is 1041 a multiple of 36?
False
Does 51 divide 2958?
True
Is 8957 a multiple of 53?
True
Does 54 divide 2361?
False
Does 19 divide 3287?
True
Does 21 divide 3700?
False
Does 7 divide 25703?
False
Does 233 divide 34717?
True
Does 17 divide 196?
False
Is 3078 a multiple of 18?
True
Is 3024 a multiple of 14?
True
Is 61 a factor of 4331?
True
Does 49 divide 595?
False
Does 74 divide 470?
False
Does 74 divide 536?
False
Is 693 a multiple of 67?
False
Is 77 a factor of 59853?
False
Is 2 a factor of 4384?
True
Is 91688 a multiple of 73?
True
Is 23 a factor of 943?
True
Is 15 a factor of 120?
True
Does 12 divide 9048?
True
Is 520 a multiple of 47?
False
Does 25 divide 375?
True
Does 9 divide 314?
False
Is 34 a factor of 37289?
False
Is 31 a factor of 3580?
False
Is 32 a factor of 896?
True
Is 12 a factor of 24?
True
Is 2309 a multiple of 72?
False
Does 21 divide 4053?
True
Is 62 a factor of 80774?
False
Does 2 divide 311?
False
Does 30 divide 3000?
True
Is 1196 a multiple of 37?
False
Does 121 divide 19239?
True
Is 26468 a multiple of 13?
True
Is 2704 a multiple of 2?
True
Is 20150 a multiple of 155?
True
Is 31 a factor of 806?
True
Is 481 a multiple of 13?
True
Is 5356 a multiple of 26?
True
Is 14 a factor of 12768?
True
Is 1399 a multiple of 12?
False
Is 880 a multiple of 20?
True
Is 170 a multiple of 14?
False
Is 114 a multiple of 19?
True
Is 68 a factor of 21488?
True
Is 10362 a multiple of 157?
True
Does 17 divide 973?
False
Is 13 a factor of 17982?
False
Is 84450 a multiple of 50?
True
Is 1728 a multiple of 54?
True
Is 48 a factor of 11088?
True
Does 86 divide 32985?
False
Is 21 a factor of 3666?
False
Does 4 divide 43?
False
Is 99918 a multiple of 13?
True
Does 42 divide 1218?
True
Is 4943 a multiple of 23?
False
Does 8 divide 1405?
False
Is 741 a multiple of 13?
True
Is 42 a factor of 672?
True
Is 3760 a multiple of 188?
True
Is 3510 even?
True
Is 19 a factor of 3194?
False
Does 21 divide 175791?
True
Does 5 divide 1129?
False
Is 75 a multiple of 12?
False
Is 742 a multiple of 14?
True
Is 7374 a multiple of 8?
False
Is 30 a factor of 5480?
False
Is 50582 a multiple of 21?
False
Is 225 a multiple of 9?
True
Is 9185 a multiple of 167?
True
Is 409 a multiple of 134?
False
Is 1091 a multiple of 5?
False
Is 226 a factor of 16184?
False
Is 2 a factor of 92?
True
Does 71 divide 1471?
False
Is 50 a factor of 14868?
False
Is 410 a multiple of 4?
False
Does 56 divide 69?
False
Is 19 a factor of 19?
True
Does 4 divide 4560?
True
Is 16 a factor of 4625?
False
Is 4394 a multiple of 31?
False
Is 18464 a multiple of 27?
False
Is 564 a multiple of 66?
False
Does 2 divide 974?
True
Is 48025 a multiple of 42?
False
Does 92 divide 644?
True
Is 9 a factor of 102943?
False
Does 8 divide 6317?
False
Does 21 divide 3941?
False
Does 68 divide 766?
False
Does 14 divide 300?
False
Does 10 divide 1461?
False
Does 48 divide 1339?
False
Is 73 a